 c(h) = -5*h + 53. Let d be c(6). Let r(y) = 2*y**2 - 46*y - 8. What is r(d)?
-8
Suppose 6 = 16*k + 38. Let b(d) = 7*d**2 - 2*d. Calculate b(k).
32
Suppose 0 = -4*f + 8 - 16. Let v(u) be the second derivative of -u**4/12 - 2*u**3/3 - 3*u**2/2 - 10*u. Determine v(f).
1
Let u be (-1)/(-3) + 155/(-15). Let p = u - -5. Let i(y) = -y**2 - 6*y + y + 9 - 4. Give i(p).
5
Let k(q) = 2*q**2 + 5*q + 3. Let w(u) = 6*u - 10 + 2*u - 5*u + 3*u - u**3 - 6*u**2. Let f be w(-7). What is k(f)?
6
Let y(m) = 50*m + 10 + 11 - 25 - 38*m. What is y(4)?
44
Let h(k) = k + 5. Let c(l) = -l - 1. Let n be c(-5). Suppose 4*x + b = -2*b, -4*x - 4*b = -n. Let i be x - -1*(-3)/(-1). What is h(i)?
5
Let n(g) = 2*g**2 + 11*g - 19. Let t be n(-7). Let v(j) be the second derivative of j - 1/2*j**t + 1/6*j**3 + 0. Give v(2).
1
Let n(h) be the third derivative of -h**6/120 - 7*h**5/60 - h**4/6 - h**3/3 - 695*h**2. Give n(-5).
-32
Let n(s) = -14*s - 34. Let y be n(-2). Let a(d) = 11*d - 3. Suppose -5 - 3 = -2*p. Let t(o) = -5*o + 1. Let u(g) = p*a(g) + 9*t(g). What is u(y)?
3
Let p(q) = q**3 + 4*q**2 + 2. Let x be ((-4)/(-8))/(-1)*-6. Suppose 0 = -x*t + 2*g - 22, -2*t + 3*t = -4*g + 16. Determine p(t).
2
Let k(o) = -o + 10. Let t be k(7). Let y(l) = 3 - 5*l**3 + t*l + 0*l**3 + 2*l**3 + 2*l**3. Let x = -13 + 11. Determine y(x).
5
Let b(v) = v**2 + 9*v - 5. Let x(z) = -32*z + 183. Let j be x(6). What is b(j)?
-5
Let h = -111 - -105. Let q(k) = k - 1. Let n(j) be the first derivative of 2*j - 5. Let u(r) = 2*n(r) + 3*q(r). What is u(h)?
-17
Let w(z) = 7 + 9*z**2 - 17*z + 20 - 8*z**2 - 7 + 13. Calculate w(16).
17
Let w(u) = -2*u + 8. Let k(y) = y**2 + 6*y + 5. Let p be k(-6). Let v(c) = -3*c + 12. Let r(j) = p*v(j) - 7*w(j). Suppose 0 = -3*z + 11*z. Determine r(z).
4
Let s = 169 - 164. Let w(n) = -n**3 + 3*n**2 + 6*n + 6. Determine w(s).
-14
Suppose -3*a + 17 = -5*p + a, 11 = -p - 3*a. Suppose 2*k = 3*d - 19, -5*d - 5*k + 3 = 13. Let q(w) = 0*w**2 + 11*w - 12 + w**2 + 16 - d*w. Calculate q(p).
-11
Let a(k) = k**2 + 5*k - 3. Let d be ((14/(-4))/(-7))/(2/(-24)). What is a(d)?
3
Let b(d) = -13*d + 3. Let u(x) = -11*x + 2. Let z(p) = 5*b(p) - 6*u(p). Calculate z(8).
11
Let i(w) = -18 - 6*w + 2*w + 5*w. Suppose u + 57 = 5*t + 4*u, t = 4*u - 7. Calculate i(t).
-9
Let a(c) = 4*c**3 + 4*c**2 - c - 4. Let j(i) = 5*i**3 + 4*i**2 - 2*i - 5. Let h(f) = -4*a(f) + 3*j(f). Suppose -k - 8 = z, -z = -3*k + 1 - 9. Calculate h(k).
9
Suppose -2*x + 2 = -5*c - 6, -4*x = -3*c - 2. Let g(b) be the first derivative of -b**3 + 1 - b + 11 + 3*b - 2. What is g(c)?
-10
Let i(z) = -z**2 - 8*z - 12. Let k be i(-3). Let o(q) = 2*q + 6 - 8 - k*q. Suppose 4*b - 5*j - 15 = 13, 0 = 3*b + 3*j - 21. What is o(b)?
-9
Let g(j) = -j**2 - 8*j. Let x = 464 + -472. Calculate g(x).
0
Suppose 3*h + 3 + 21 = 0. Let b = h - -10. Let n(a) = a**b + 1 - 7*a - 2 + 2. What is n(6)?
-5
Suppose -3*m = -4*m + t, -9*m - 24 = 3*t. Let u(z) = 4*z**3 + 2*z**3 + z**2 - 4*z**3 - 2*z. Determine u(m).
-8
Let y(w) = w**3 + 4*w**2 - w + 1. Let f = 400 - 402. Determine y(f).
11
Let z(t) = 2*t**2 - t + 1. Let n = 311 - 309. Determine z(n).
7
Let k(b) = b**2 - 6*b + 13. Suppose -5*u + 2*d + 17 = -d, -5*d + 17 = 3*u. What is k(u)?
5
Let j(z) = 9*z - 4. Let a(g) = 5*g + 129. Let h be a(-25). Give j(h).
32
Suppose 13 = x + 3*g, -2*x - g = 2*x - 8. Suppose 2*k = k + x. Let m(q) = -k - q + 4 - 2 + 3. What is m(3)?
1
Let i(g) = -2*g**3 + 2*g - 1. Let n(u) = -u**2 - u + 10. Let s be n(4). Let a be (-6)/s - (0 + 6/(-15)). Give i(a).
-1
Let s(t) = t**3 - 3*t**2 - 4*t - 3. Let i be s(4). Let q(m) be the first derivative of -5*m**2 - 4*m - 278. Give q(i).
26
Let t(y) = y**2 - 2*y - 4. Suppose p = 2*p. Let k = p + 4. What is t(k)?
4
Let w(l) = l**2 + l - 15. Let z = 4 + -3. Let p be -1*(z - 0) - -1. Let c = p + 0. Calculate w(c).
-15
Suppose -4*s = -5*t + 367, 29 = t - s - 44. Let i = t - 72. Let m(g) = g**2 + g - 3. Give m(i).
9
Let n(d) = -d**2 + 2*d - 1. Let t(r) = -2*r**2 + 10*r - 9. Let x(v) = 6*n(v) - t(v). What is x(-2)?
-17
Let l(r) = -13*r**3 - r**2 - r. Suppose 2*u = 2*m - 2, -10 = 27*m - 23*m + 3*u. Calculate l(m).
13
Suppose 0 = 2*n - 3*n + 6. Let k(h) be the third derivative of h**5/60 - h**4/3 + h**3 - 115*h**2. Give k(n).
-6
Let d(o) = -o**2 - 2. Let q be d(0). Let m be ((-14)/(-21))/(q/(-24)). Suppose 3*g + m = g. Let c(w) = -w**2 - 7*w - 3. Give c(g).
9
Let u(w) be the third derivative of w**4/24 - 7*w**3/6 + w**2. Let p be (-8 - (-14)/7)*(-4)/8. What is u(p)?
-4
Let s(p) = -5*p**2 - 1. Let b(q) = -4*q - 5. Let o be b(-2). Let l = -3 + o. Let f be 1/3*(l - -3). Calculate s(f).
-6
Let d(l) = -23*l - 71. Let h be d(-3). Let m(a) = 6*a**2 - a - 2. Determine m(h).
24
Let j(u) = -39*u**3 + 0*u**2 - u + 0*u**2 + 38*u**3. Let m be 1/(-4) + (-18)/(-8). Determine j(m).
-10
Let b(y) = 3*y**3 - 5*y + 1. Let r(h) = -7*h**3 + 2*h**2 + 10*h - 2. Let i(n) = 5*b(n) + 2*r(n). Give i(-5).
1
Let i = 4 + -3. Let x = -94 + 103. Let f(h) = 2*h**2 - 4*h + 11. Let y(c) = c**2 - 2*c + 5. Let v(u) = x*y(u) - 4*f(u). What is v(i)?
0
Let r(o) = -o**3 + 6*o**2 + 7*o - 6. Let t be r(7). Let a be ((-2)/(-3))/((-4)/t). Let x(q) = -q. Let l(i) = 2*i - 1. Let v(c) = l(c) + 4*x(c). What is v(a)?
-3
Let w(d) = -2*d + 1. Let i(r) = 24*r - 11. Let j(g) = 2*i(g) + 22*w(g). Let n be 0*(-3)/6 - -3. Let u = -6 + n. Determine j(u).
-12
Let p(h) be the third derivative of 2*h**5/15 - h**4/6 + h**3/2 - 356*h**2. Calculate p(1).
7
Suppose -l + 30 = 5*m, 3*m + l - 18 = -l. Let a(r) = 5*r**2 + 13*r - 2. Let h = -13 + 14. Let i(w) = w**2 + w - 1. Let p(g) = h*a(g) - 6*i(g). Determine p(m).
10
Let i(z) = -48*z**3 + 19*z**3 + 28*z**3 + 2*z**2. Determine i(2).
0
Let h(o) = -3*o**2 + 3*o - 4. Let r(i) = 19*i + 173. Let n be r(-9). What is h(n)?
-10
Let k(x) = 5*x**3 + x**2. Suppose 65 = 5*u + 4*v - 0*v, 2*u - 26 = -2*v. Let s = 14 - u. Give k(s).
6
Let s(v) be the first derivative of 5*v**2/2 + 6*v - 299. Give s(-8).
-34
Let p(d) = 3*d**3 - 7*d**2 + d + 8. Let i(h) = 2*h**3 - 4*h**2 - h + 4. Let l(w) = 5*i(w) - 3*p(w). Calculate l(-3).
2
Suppose 116*x + 532 - 68 = 0. Let w(q) = q**3 + 3*q**2 - 2*q - 6. Determine w(x).
-14
Let b(t) = 3*t + 2. Let l(u) = 7*u + 5. Let q(x) = -5*b(x) + 2*l(x). What is q(-6)?
6
Suppose 0 = -5*v - 3*b + 4665, 0 = -2*v - 4*b + 2205 - 325. Let i(j) = -930 - j**3 + 2*j**2 + v + j. Calculate i(2).
2
Let m(x) = -4*x**3 - 11*x**2 - 12*x - 4. Let s(d) = -3*d**3 - 10*d**2 - 10*d - 2. Let f(r) = 2*m(r) - 3*s(r). What is f(-7)?
5
Suppose -82*q + 25 = -77*q. Let t(p) be the third derivative of p**5/60 - p**4/6 + 7*p**3/6 + 2*p**2. Give t(q).
12
Suppose -1627*d = -1626*d - 8. Let l(s) = -3*s - 2. Let c(x) = -2*x - 1. Let t(u) = 4*c(u) - 3*l(u). Determine t(d).
10
Let t(r) = r**3 - 5*r**2 + 5*r - 1. Let p(m) be the first derivative of m**3/3 + m**2 + m + 14. Let d be p(-3). What is t(d)?
3
Let q(z) = -z**2 + 3*z + 1. Let y = -571 - -569. What is q(y)?
-9
Suppose 36 = 5*b - 4*w, -4 = 7*b - 11*b - 3*w. Let p(x) = -26*x + 9*x - b + 16*x. What is p(-7)?
3
Let k(l) = 2*l + 3*l - 4*l - 4. Give k(6).
2
Let y(s) = -7 - 8 + 4*s + 15. Calculate y(2).
8
Let v(x) = -10*x + 1. Let b(o) = 10*o - 1. Let a(r) = 6*b(r) + 5*v(r). Suppose -g - 40 = -9*g. Let k(n) = -4*n + 21. Let t be k(g). What is a(t)?
9
Let u(x) = 51*x - 44. Let c(m) = -17*m + 16. Let b(v) = -11*c(v) - 4*u(v). Give b(1).
-17
Let x(u) be the third derivative of u**6/120 + 7*u**5/60 + 7*u**4/24 - 3*u**2. Let f(v) = -v + 13. Let l be f(11). Suppose -l*n + 7*n + 30 = 0. Calculate x(n).
-6
Let o = -12 - -14. Let c(a) = o*a + 30*a**2 - 23*a**2 - a. Give c(-1).
6
Let m(j) = -3*j - 4. Let c(o) = -3*o + 3. Let q(p) = -p**3 + p**2 - 3*p + 2. Let f be q(1). Let r be c(f). What is m(r)?
-22
Let w(q) = -4*q + 92. Let n(h) = 8*h**2 - 3*h - 2. Let a be n(2). What is w(a)?
-4
Suppose -2*d + 28 = -0*d. Suppose 3 = -3*z - z - 5*n, -5*z + 4*n = d. Let g(j) be the second derivative of -j**4/12 - j**3/2 - 3*j**2/2 + 13*j. Determine g(z).
-1
Let o = -44 + 82. Let v = o + -39. Let u(b) = -2*b**3 + b**2 + 0*b**3 + 7*b**3 - 3*b**2 + 1. Determine u(v).
-6
Suppose -h - 3*i = -11, -5*i = -2*i - 6. Let o(n) = n**3 - 6*n**2 + 5*n - 5. Let v(x) = -x**3 + 6*x**2 - 5*x + 4. Let j(k) = h*v(k) + 4*o(k). Give j(5).
0
Let r(f) be the third derivative of f**5/60 + f*